 in base 5?
-3001
Convert 1a01 (base 11) to base 2.
100111101110
-1233 (base 4) to base 9
-133
312021 (base 4) to base 9
4670
2 (base 14) to base 3
2
Convert -aba (base 16) to base 3.
-10202201
What is -15243 (base 8) in base 11?
-513a
Convert -7624 (base 16) to base 8.
-73044
Convert -4012 (base 10) to base 14.
-1668
What is -1003 (base 10) in base 4?
-33223
Convert -140075 (base 8) to base 7.
-263323
Convert -26c (base 13) to base 10.
-428
Convert -1201532 (base 6) to base 10.
-62624
What is 11846 (base 9) in base 2?
1111100101100
-a96 (base 16) to base 14
-db8
Convert 138 (base 16) to base 9.
376
What is -767 (base 11) in base 16?
-398
-296a (base 14) to base 9
-11062
What is -a3a (base 15) in base 13?
-1084
Convert 220 (base 13) to base 11.
301
-3796a (base 12) to base 11
-51952
-225 (base 14) to base 2
-110101001
What is 10300 (base 11) in base 12?
8824
-110111111110 (base 2) to base 13
-1827
-16c2b (base 14) to base 16
-dfb7
What is 1706 (base 8) in base 13?
594
29481 (base 10) to base 5
1420411
Convert -122332 (base 5) to base 9.
-6421
20566 (base 9) to base 2
11010100010011
-22234 (base 6) to base 4
-300232
-17134 (base 10) to base 3
-212111121
What is 21310 (base 5) in base 9?
1886
What is -10c2 (base 14) in base 10?
-2914
Convert 1002012 (base 3) to base 8.
1424
Convert b4c (base 15) to base 16.
9f3
22201001 (base 3) to base 7
24334
121205 (base 6) to base 8
24645
What is -4103 (base 6) in base 11?
-751
-4019 (base 10) to base 7
-14501
What is 6665 (base 10) in base 16?
1a09
Convert -b91c (base 13) to base 16.
-6471
367 (base 11) to base 13
277
aa10 (base 11) to base 15
448b
What is -2376 (base 8) in base 7?
-3504
Convert 761 (base 9) to base 5.
4442
2d8 (base 14) to base 6
2410
Convert -23010 (base 8) to base 14.
-3796
Convert 2301 (base 6) to base 2.
1000011101
415 (base 14) to base 3
1002202
Convert -85 (base 10) to base 13.
-67
Convert 25035 (base 8) to base 12.
62a5
Convert -100 (base 3) to base 16.
-9
What is -acc (base 13) in base 2?
-11101000010
Convert 710 (base 16) to base 2.
11100010000
What is 1202 (base 12) in base 8?
3742
What is -485 (base 11) in base 14?
-2d3
Convert 106640 (base 7) to base 12.
b12b
-53140 (base 8) to base 11
-15682
-5691 (base 13) to base 11
-9116
-32ab (base 12) to base 14
-2083
Convert 101010001101110 (base 2) to base 8.
52156
200221202 (base 3) to base 12
7bb5
132123 (base 4) to base 11
1510
Convert -13221 (base 6) to base 15.
-904
What is 175 (base 12) in base 5?
1413
500 (base 10) to base 9
615
What is 101010001 (base 2) in base 12?
241
Convert 871 (base 11) to base 5.
13141
Convert 1000402 (base 5) to base 7.
63565
What is 50a (base 14) in base 10?
990
289 (base 10) to base 11
243
Convert -268 (base 14) to base 9.
-587
Convert 102143 (base 7) to base 9.
26085
1015251 (base 6) to base 11
33a09
Convert 12764 (base 10) to base 14.
491a
-1210101 (base 3) to base 12
-90a
Convert -a21 (base 16) to base 12.
-1601
Convert -2242 (base 8) to base 5.
-14221
What is 11112 (base 10) in base 15?
345c
What is 11111 (base 3) in base 7?
232
Convert -300112 (base 4) to base 8.
-6026
Convert -440a (base 11) to base 6.
-42534
1001 (base 13) to base 12
1332
1300320 (base 4) to base 16
1c38
Convert -c91 (base 15) to base 6.
-21044
-21210012 (base 3) to base 14
-20d5
1104104 (base 5) to base 15
5aa4
-32223 (base 7) to base 4
-1331010
Convert -7d5 (base 14) to base 8.
-3027
What is -428 (base 9) in base 8?
-536
What is a789 (base 12) in base 7?
104424
Convert -111415 (base 7) to base 2.
-100110100101111
-10111000000110 (base 2) to base 15
-3757
What is 285 (base 16) in base 7?
1611
-1506 (base 13) to base 6
-22040
Convert -509 (base 12) to base 9.
-1000
What is -5a6 (base 14) in base 3?
-1112201
-22122022 (base 3) to base 9
-8568
What is -1561 (base 7) in base 15?
-2c1
Convert 1246 (base 9) to base 2.
1110100101
Convert 14b8 (base 15) to base 5.
120243
-cb41 (base 15) to base 10
-43036
-1b8 (base 16) to base 15
-1e5
What is 3234 (base 6) in base 5?
10432
-229 (base 10) to base 7
-445
-3a4 (base 14) to base 6
-3220
-233000 (base 6) to base 4
-10321320
-341134 (base 5) to base 10
-12044
What is 115323 (base 6) in base 15?
30a0
Convert 10010111 (base 2) to base 14.
ab
-1122435 (base 6) to base 9
-87035
Convert 2434 (base 9) to base 5.
24223
-1023 (base 4) to base 6
-203
What is -1212110010 (base 3) in base 13?
-13980
a07 (base 13) to base 9
2285
552511 (base 6) to base 14
12a83
Convert 72b (base 16) to base 5.
24320
Convert -1003025 (base 6) to base 13.
-18701
Convert -183 (base 14) to base 5.
-2221
Convert 4d6a (base 16) to base 5.
1113233
Convert -9ab5 (base 12) to base 16.
-42e9
What is 38364 (base 10) in base 11?
26907
-27cb (base 13) to base 4
-1121300
47435 (base 9) to base 3
1121111012
Convert -29c (base 14) to base 11.
-442
-1200210122 (base 3) to base 12
-173a5
What is 63 (base 9) in base 7?
111
-5830 (base 13) to base 12
-71b4
Convert c9 (base 13) to base 5.
1130
Convert -2b65 (base 13) to base 7.
-24321
What is 3278 (base 9) in base 10?
2420
What is -420241 (base 5) in base 11?
-a425
103662 (base 8) to base 14
c934
-25a (base 16) to base 11
-4a8
Convert -948a (base 11) to base 13.
-5943
What is 66612 (base 7) in base 15?
4e7c
Convert 23333 (base 4) to base 14.
3cb
What is -158ad (base 14) in base 13?
-1b68b
-49508 (base 10) to base 2
-1100000101100100
-31452 (base 7) to base 16
-1e63
What is 334 (base 13) in base 9?
671
What is 1143 (base 12) in base 9?
2566
What is -5ed (base 16) in base 8?
-2755
1557 (base 8) to base 12
613
What is -1426 (base 7) in base 13?
-340
What is 202 (base 3) in base 14?
16
Convert 506 (base 10) to base 9.
622
Convert -6443 (base 11) to base 12.
-4b19
Convert -10101011000101110 (base 2) to base 3.
-11110011101
What is -19d0 (base 15) in base 2?
-1010111011011
Convert -7c98 (base 13) to base 12.
-a190
What is -4247 (base 15) in base 6?
-144521
What is 1620 (base 8) in base 9?
1223
What is -220 (base 7) in base 6?
-304
What is -13113033 (base 4) in base 10?
-30159
Convert 7a5 (base 12) to base 2.
10001101101
What is 5555 (base 10) in base 16?
15b3
What is -422 (base 11) in base 14?
-284
Convert -11405 (base 9) to base 4.
-1313003
400a (base 11) to base 8
12326
What is 112020 (base 3) in base 16?
180
Convert 86 (base 14) to base 15.
7d
-7bc (base 14) to base 3
-2002222
Convert -25b9 (base 13) to base 12.
-3153
Convert 10332122 (base 4) to base 5.
1123003
46a (base 16) to base 13
68c
Convert -132221 (base 4) to base 11.
-1523
488 (base 12) to base 3
221012
Convert 4f3 (base 16) to base 6.
5511
-161 (base 15) to base 7
-631
-11213 (base 10) to base 12
-65a5
What is -522 (base 11) in base 14?
-32d
-1000011 (base 3) to base 9
-1004
What is a396 (base 12) in base 5?
1032301
What is 758b (base 14) in base 6?
234011
What is 33523 (base 8) in base 10?
14163
Convert -45 (base 7) to base 11.
-30
What is 10001221112 (base 3) in base 5?
3413332
What is -10303 (base 6) in base 9?
-1833
-16912 (base 10) to base 12
-9954
Convert 210422 (base 6) to base 16.
426e
-2743 (base 12) to base 16
-11a3
What is -10001010110 (base 2) in base 3?
-1112010
54402 (base 6) to base 12
4402
Convert 3655 (base 8) to base 16.
7ad
Convert -2385 (base 13) to base 9.
-6776
-95 (base 10) to base 3
-10112
What is 1740 (base 13) in base 11?
2640
Convert -3043 (base 7) to base 2.
-10000100100
Convert -1954 (base 12) to base 9.
-4211
102330 (base 4) to base 9
1586
24642 (base 9) to base 5
1012222
1150 (base 13) to base 12
14a7
-2a3 (base 12) to base 14
-215
What is -32aa (base 11) in base 7?
-15461
-3b3a (base 13) to base 4
-2010303
What is -421243 (base 5) in base 15?
-41ed
100101001 (base 3) to base 13
3157
What is 18a0 (base 11) in base 13?
1134
-2202103 (base 4) to base 9
-15221
What is -1343 (base 5) in base 15?
-ed
Convert 1b1 (base 12) to base 16.
115
374a (base 13) to base 7
31563
What is -44126 (base 10) in base 15?
-d11b
Convert -122 (base 14) to base 8.
-342
Convert a83 (base 12) to base 7.
4326
What is -21120001 (base 3) in base 7?
-22030
23122 (base 5) to base 12
b66
1ffc (base 16) to base 15
265d
Convert 433 (base 9) to base 16.
162
What is -422 (base 11) in base 10?
-508
Convert 7390 (base 10) to base 14.
299c
Convert -1001110000 (base 2) to base 9.
-763
32a75 (base 12) to base 9
112148
Convert -122100 (base 